Is 2810118023 composite?
False
Is 11471226941 composite?
True
Is 3328083287 a prime number?
False
Is 1418423323 prime?
False
Is 30816229747 a composite number?
True
Is 397562813 a composite number?
False
Is 24782280569 composite?
True
Is 281305652515 a prime number?
False
Is 3901973279 prime?
True
Is 88190632711 a prime number?
True
Is 419906743 composite?
False
Is 1816219841 a composite number?
False
Is 27104800577 prime?
False
Is 40338260609 a composite number?
False
Is 2652000707 prime?
True
Is 198325501091 a prime number?
True
Is 633360605 prime?
False
Is 102820667 a prime number?
True
Is 3786988717 prime?
False
Is 3522094273 prime?
True
Is 105486067 prime?
True
Is 257287117 composite?
False
Is 1725757799 a prime number?
True
Is 1557409999 composite?
True
Is 616572469 prime?
False
Is 537401461 prime?
False
Is 678151709 prime?
False
Is 301352057 a composite number?
True
Is 2529532021 a composite number?
True
Is 22753399 a composite number?
True
Is 60469761929 composite?
False
Is 3566992301 a composite number?
False
Is 3422517929 prime?
False
Is 2612536435 prime?
False
Is 110480122 composite?
True
Is 2220956249 a composite number?
True
Is 7555884503 prime?
False
Is 6975425663 prime?
True
Is 5497714478 prime?
False
Is 686889331 a composite number?
True
Is 47749612483 prime?
False
Is 3396852499 a prime number?
True
Is 3013426789 composite?
True
Is 17402839099 composite?
True
Is 1014180749 composite?
True
Is 727607653 a composite number?
False
Is 45479562499 prime?
False
Is 24441623053 prime?
True
Is 195353655433 prime?
True
Is 62761927 a composite number?
False
Is 49406453 a composite number?
False
Is 19093244563 prime?
False
Is 76632916933 a composite number?
True
Is 9382095187 composite?
False
Is 13244615773 prime?
False
Is 7766177047 a composite number?
True
Is 324377655185 composite?
True
Is 21833513021 a composite number?
False
Is 4047655891 composite?
True
Is 172941709 composite?
False
Is 156636749 a prime number?
True
Is 11947752119 a prime number?
True
Is 32283415901 a composite number?
True
Is 104710015535 composite?
True
Is 1167035881 composite?
True
Is 48447267983 prime?
True
Is 29940473 composite?
False
Is 22986601069 a prime number?
False
Is 2831184503 a composite number?
True
Is 237855811 a composite number?
True
Is 3768551099 prime?
True
Is 507086087 prime?
True
Is 1524829979 a prime number?
True
Is 27011669239 a composite number?
True
Is 2969398703 prime?
False
Is 355921339 a composite number?
False
Is 18161762471 prime?
False
Is 12893496461 prime?
True
Is 1046176843 a composite number?
False
Is 658061197 prime?
False
Is 4138160773 prime?
False
Is 4516608451 a prime number?
False
Is 1925903503 composite?
False
Is 25612556639 composite?
False
Is 18747500903 a prime number?
True
Is 223313737 composite?
True
Is 83539117 composite?
False
Is 3555057361 a prime number?
True
Is 90181897489 a composite number?
False
Is 1568130503 prime?
False
Is 15406702361 a composite number?
False
Is 1529533133 a composite number?
False
Is 2596274033 prime?
True
Is 3011511031 a composite number?
False
Is 228474643 composite?
False
Is 393161581 a prime number?
True
Is 804214171 a composite number?
True
Is 213399379 a composite number?
False
Is 3227646757 prime?
False
Is 1626915817 prime?
False
Is 11199642593 a prime number?
False
Is 1221097321 prime?
True
Is 69557062637 a composite number?
False
Is 1095083557 composite?
True
Is 16869523634 prime?
False
Is 1058686709 prime?
True
Is 97445749 a prime number?
True
Is 67033631 composite?
True
Is 95611193723 a composite number?
False
Is 3990584257 prime?
False
Is 1041387481 a prime number?
True
Is 5396319239 a prime number?
False
Is 4134002003 prime?
False
Is 6844771289 a prime number?
False
Is 137511326 a composite number?
True
Is 72508546147 composite?
True
Is 1509325271 composite?
True
Is 299751269 prime?
False
Is 1044057557 composite?
False
Is 12515569427 a prime number?
False
Is 43412623 prime?
False
Is 14794144873 composite?
False
Is 2474337221 prime?
False
Is 54378130373 a prime number?
False
Is 1385284727 composite?
False
Is 3104950999 prime?
True
Is 56086745599 prime?
False
Is 4756142687 a composite number?
False
Is 575438317 a composite number?
True
Is 10380762971 a prime number?
True
Is 4919867387 composite?
False
Is 22346972371 a composite number?
False
Is 510415861 composite?
False
Is 541127731 prime?
False
Is 2918096197 composite?
False
Is 3979086281 composite?
False
Is 4747038235 composite?
True
Is 20028530549 composite?
False
Is 17048011 prime?
False
Is 8666446969 a composite number?
True
Is 16999427359 a prime number?
True
Is 850357927 prime?
True
Is 639604637 prime?
False
Is 92206235809 prime?
True
Is 37542072797 prime?
False
Is 188810977 prime?
True
Is 1332549377 a composite number?
False
Is 188057911 a composite number?
False
Is 18427445807 a composite number?
False
Is 124759699 composite?
True
Is 6499419137 composite?
True
Is 26920609327 prime?
False
Is 10792436693 prime?
False
Is 135053553143 composite?
True
Is 10969188569 composite?
True
Is 280998749 composite?
False
Is 12651434879 prime?
True
Is 52527132829 a composite number?
False
Is 20418126955 a prime number?
False
Is 26254142561 a prime number?
False
Is 11195959123 composite?
True
Is 10350220259 composite?
True
Is 19009619269 composite?
True
Is 4769174615 a composite number?
True
Is 4393269977 prime?
False
Is 3102726257 prime?
False
Is 11032177133 prime?
True
Is 5541815107 a composite number?
False
Is 64898683 prime?
False
Is 1281059197 a composite number?
True
Is 1237290599 a prime number?
True
Is 2114258863 composite?
True
Is 90235819 composite?
False
Is 2939880211 a prime number?
False
Is 9648553433 prime?
True
Is 2595394787 composite?
False
Is 26560305449 a composite number?
True
Is 98549540806 a composite number?
True
Is 18014053199 a composite number?
False
Is 3775352569 a composite number?
True
Is 1974488041 a prime number?
False
Is 28896199 a composite number?
True
Is 29706567251 a prime number?
True
Is 5420063419 a composite number?
True
Is 1870097833 a prime number?
True
Is 101743127 a prime number?
True
Is 3758771657 a prime number?
True
Is 38411710567 a composite number?
False
Is 403230167 prime?
True
Is 1620637427 a composite number?
False
Is 22785439079 composite?
True
Is 603436567 prime?
True
Is 3727762757 a composite number?
False
Is 1004476049 a prime number?
True
Is 10471971187 composite?
False
Is 693762269 a composite number?
True
Is 1368798971 prime?
True
Is 33711693283 a composite number?
True
Is 335991137 a composite number?
False
Is 31905054763 prime?
True
Is 2299383901 a prime number?
True
Is 1563755027 prime?
False
Is 99224659 a prime number?
False
Is 9804350753 prime?
False
Is 37012759 prime?
False
Is 11254459999 a prime number?
False
Is 227791895 a prime number?
False
Is 8848167493 prime?
False
Is 30265787 prime?
False
Is 2677823411 a prime number?
False
Is 173170786907 a composite number?
False
Is 79048918229 composite?
True
Is 643437889 a prime number?
True
Is 4973387711 a composite number?
False
Is 8237387309 composite?
True
Is 782268161 a composite number?
True
Is 13683426619 composite?
False
Is 9584231551 prime?
False
Is 2826426331 a composite number?
False
Is 12548864189 composite?
False
Is 38815143197 composite?
True
Is 4588976671 prime?
True
Is 3869765561 composite?
False
Is 8083424137 prime?
False
Is 28121975891 a composite number?
True
Is 3817840657 a prime number?
True
Is 3180593651 a composite number?
False
Is 23239930489 a prime number?
True
Is 9354280489 composite?
False
Is 177643469 a prime number?
True
Is 793115819 prime?
False
Is 2838067783 a composite number?
False
Is 18807752179 prime?
False
Is 11153741957 a prime number?
True
Is 26756707469 a prime number?
True
Is 83969038015 a composite number?
True
Is 621624869 composite?
False
Is 187075477 composite?
True
Is 5041802993 prime?
True
Is 598154917 a composite number?
False
Is 10046440117 a prime number?
False
Is 50785517899 a prime number?
True
Is 27055739 composite?
True
Is 331538033 a composite number?
False
Is 8973199679 prime?
False
Is 1012386169 prime?
True
Is 1665451039 prime?
False
Is 1695603937 composite?
False
Is 159121951 composite?
False
Is 58941269 composite?
True
Is 1469614763 prime?
True
Is 786835591 prime?
True
Is